CRAN Package Check Results for Package equivalence

Last updated on 2022-05-15 01:52:18 CEST.

Flavor Version Tinstall Tcheck Ttotal Status Flags
r-devel-linux-x86_64-debian-clang 0.7.2 9.33 80.05 89.38 OK
r-devel-linux-x86_64-debian-gcc 0.7.2 5.78 59.26 65.04 OK
r-devel-linux-x86_64-fedora-clang 0.7.2 103.92 NOTE
r-devel-linux-x86_64-fedora-gcc 0.7.2 99.15 NOTE
r-devel-windows-x86_64 0.7.2 29.00 92.00 121.00 OK
r-patched-linux-x86_64 0.7.2 13.03 74.76 87.79 OK
r-release-linux-x86_64 0.7.2 8.66 73.99 82.65 OK
r-release-macos-arm64 0.7.2 33.00 OK
r-release-macos-x86_64 0.7.2 58.00 OK
r-release-windows-x86_64 0.7.2 40.00 96.00 136.00 OK
r-oldrel-macos-arm64 0.7.2 39.00 OK
r-oldrel-macos-x86_64 0.7.2 51.00 OK
r-oldrel-windows-ix86+x86_64 0.7.2 23.00 109.00 132.00 OK

Check Details

Version: 0.7.2
Check: compiled code
Result: NOTE
    File ‘equivalence/libs/equivalence.so’:
     Found no calls to: ‘R_registerRoutines’, ‘R_useDynamicSymbols’
    
    It is good practice to register native routines and to disable symbol
    search.
    
    See ‘Writing portable packages’ in the ‘Writing R Extensions’ manual.
Flavors: r-devel-linux-x86_64-fedora-clang, r-devel-linux-x86_64-fedora-gcc