Last updated on 2022-05-15 01:52:18 CEST.
Flavor | Version | Tinstall | Tcheck | Ttotal | Status | Flags |
---|---|---|---|---|---|---|
r-devel-linux-x86_64-debian-clang | 0.1.0 | 48.53 | 152.87 | 201.40 | WARN | |
r-devel-linux-x86_64-debian-gcc | 0.1.0 | 39.12 | 117.86 | 156.98 | OK | |
r-devel-linux-x86_64-fedora-clang | 0.1.0 | 266.19 | WARN | |||
r-devel-linux-x86_64-fedora-gcc | 0.1.0 | 243.15 | OK | |||
r-devel-windows-x86_64 | 0.1.0 | 52.00 | 199.00 | 251.00 | OK | |
r-patched-linux-x86_64 | 0.1.0 | 45.76 | 146.42 | 192.18 | OK | |
r-release-linux-x86_64 | 0.1.0 | 42.80 | 145.03 | 187.83 | OK | |
r-release-macos-arm64 | 0.1.0 | 66.00 | OK | |||
r-release-macos-x86_64 | 0.1.0 | 114.00 | OK | |||
r-release-windows-x86_64 | 0.1.0 | 61.00 | 198.00 | 259.00 | OK | |
r-oldrel-macos-arm64 | 0.1.0 | 77.00 | OK | |||
r-oldrel-macos-x86_64 | 0.1.0 | 119.00 | OK | |||
r-oldrel-windows-ix86+x86_64 | 0.1.0 | 107.00 | 226.00 | 333.00 | OK |
Version: 0.1.0
Check: whether package can be installed
Result: WARN
Found the following significant warnings:
EqMult.cpp:542:12: warning: use of bitwise '&' with boolean operands [-Wbitwise-instead-of-logical]
Flavors: r-devel-linux-x86_64-debian-clang, r-devel-linux-x86_64-fedora-clang