Last updated on 2022-05-15 01:52:18 CEST.
Flavor | Version | Tinstall | Tcheck | Ttotal | Status | Flags |
---|---|---|---|---|---|---|
r-devel-linux-x86_64-debian-clang | 0.2.6-1.1 | 9.95 | 85.31 | 95.26 | OK | |
r-devel-linux-x86_64-debian-gcc | 0.2.6-1.1 | 8.66 | 64.05 | 72.71 | OK | |
r-devel-linux-x86_64-fedora-clang | 0.2.6-1.1 | 112.71 | OK | |||
r-devel-linux-x86_64-fedora-gcc | 0.2.6-1.1 | 107.08 | OK | |||
r-devel-windows-x86_64 | 0.2.6-1.1 | 17.00 | 92.00 | 109.00 | OK | |
r-patched-linux-x86_64 | 0.2.6-1.1 | 9.73 | 80.54 | 90.27 | OK | |
r-release-linux-x86_64 | 0.2.6-1.1 | 9.48 | 79.59 | 89.07 | OK | |
r-release-macos-arm64 | 0.2.6-1.1 | 31.00 | NOTE | |||
r-release-macos-x86_64 | 0.2.6-1.1 | 45.00 | OK | |||
r-release-windows-x86_64 | 0.2.6-1.1 | 20.00 | 93.00 | 113.00 | OK | |
r-oldrel-macos-arm64 | 0.2.6-1.1 | 37.00 | OK | |||
r-oldrel-macos-x86_64 | 0.2.6-1.1 | 61.00 | OK | |||
r-oldrel-windows-ix86+x86_64 | 0.2.6-1.1 | 19.00 | 88.00 | 107.00 | OK |
Version: 0.2.6-1.1
Check: package dependencies
Result: NOTE
Package suggested but not available for checking: ‘graph’
Flavor: r-release-macos-arm64