CRAN Package Check Results for Package emstreeR

Last updated on 2022-05-15 01:52:18 CEST.

Flavor Version Tinstall Tcheck Ttotal Status Flags
r-devel-linux-x86_64-debian-clang 3.0.0 3.59 46.82 50.41 OK
r-devel-linux-x86_64-debian-gcc 3.0.0 3.61 35.18 38.79 OK
r-devel-linux-x86_64-fedora-clang 3.0.0 61.10 NOTE
r-devel-linux-x86_64-fedora-gcc 3.0.0 58.78 NOTE
r-devel-windows-x86_64 3.0.0 14.00 59.00 73.00 OK
r-patched-linux-x86_64 3.0.0 4.17 43.34 47.51 OK
r-release-linux-x86_64 3.0.0 2.75 43.45 46.20 OK
r-release-macos-arm64 3.0.0 19.00 NOTE
r-release-macos-x86_64 3.0.0 34.00 NOTE
r-release-windows-x86_64 3.0.0 16.00 60.00 76.00 OK
r-oldrel-macos-arm64 3.0.0 18.00 NOTE
r-oldrel-macos-x86_64 3.0.0 25.00 NOTE
r-oldrel-windows-ix86+x86_64 3.0.0 10.00 51.00 61.00 OK

Check Details

Version: 3.0.0
Check: dependencies in R code
Result: NOTE
    Namespace in Imports field not imported from: ‘BBmisc’
     All declared Imports should be used.
Flavors: r-devel-linux-x86_64-fedora-clang, r-devel-linux-x86_64-fedora-gcc, r-release-macos-arm64, r-release-macos-x86_64, r-oldrel-macos-arm64, r-oldrel-macos-x86_64