Last updated on 2022-05-15 01:52:18 CEST.
Flavor | Version | Tinstall | Tcheck | Ttotal | Status | Flags |
---|---|---|---|---|---|---|
r-devel-linux-x86_64-debian-clang | 8.4 | 20.40 | 145.49 | 165.89 | OK | |
r-devel-linux-x86_64-debian-gcc | 8.4 | 19.00 | 107.67 | 126.67 | OK | |
r-devel-linux-x86_64-fedora-clang | 8.4 | 199.93 | NOTE | |||
r-devel-linux-x86_64-fedora-gcc | 8.4 | 205.49 | NOTE | |||
r-devel-windows-x86_64 | 8.4 | 117.00 | 177.00 | 294.00 | OK | |
r-patched-linux-x86_64 | 8.4 | 22.01 | 137.46 | 159.47 | OK | |
r-release-linux-x86_64 | 8.4 | 23.31 | 137.31 | 160.62 | OK | |
r-release-macos-arm64 | 8.4 | 78.00 | NOTE | |||
r-release-macos-x86_64 | 8.4 | 110.00 | NOTE | |||
r-release-windows-x86_64 | 8.4 | 146.00 | 178.00 | 324.00 | OK | |
r-oldrel-macos-arm64 | 8.4 | 75.00 | NOTE | |||
r-oldrel-macos-x86_64 | 8.4 | 96.00 | NOTE | |||
r-oldrel-windows-ix86+x86_64 | 8.4 | 44.00 | 164.00 | 208.00 | OK |
Version: 8.4
Check: data for non-ASCII characters
Result: NOTE
Note: found 155 marked UTF-8 strings
Flavors: r-devel-linux-x86_64-fedora-clang, r-devel-linux-x86_64-fedora-gcc, r-release-macos-arm64, r-release-macos-x86_64, r-oldrel-macos-arm64, r-oldrel-macos-x86_64