Last updated on 2022-05-15 01:52:18 CEST.
Flavor | Version | Tinstall | Tcheck | Ttotal | Status | Flags |
---|---|---|---|---|---|---|
r-devel-linux-x86_64-debian-clang | 2.3-2 | 821.14 | 170.56 | 991.70 | NOTE | |
r-devel-linux-x86_64-debian-gcc | 2.3-2 | 782.90 | 162.47 | 945.37 | NOTE | |
r-devel-linux-x86_64-fedora-clang | 2.3-2 | 1434.86 | NOTE | |||
r-devel-linux-x86_64-fedora-gcc | 2.3-2 | 1560.58 | NOTE | |||
r-devel-windows-x86_64 | 2.3-2 | 555.00 | 258.00 | 813.00 | NOTE | |
r-patched-linux-x86_64 | 2.3-2 | 588.83 | 211.29 | 800.12 | NOTE | |
r-release-linux-x86_64 | 2.3-2 | 600.52 | 207.05 | 807.57 | NOTE | |
r-release-macos-arm64 | 2.3-2 | 352.00 | NOTE | |||
r-release-macos-x86_64 | 2.3-2 | 706.00 | NOTE | |||
r-release-windows-x86_64 | 2.3-2 | 575.00 | 261.00 | 836.00 | NOTE | |
r-oldrel-macos-arm64 | 2.3-2 | 273.00 | NOTE | |||
r-oldrel-macos-x86_64 | 2.3-2 | 467.00 | NOTE | |||
r-oldrel-windows-ix86+x86_64 | 2.3-2 | 1598.00 | 10.00 | 1608.00 | ERROR |
Version: 2.3-2
Check: package dependencies
Result: NOTE
Package suggested but not available for checking: 'eggCountsExtra'
Flavors: r-devel-linux-x86_64-debian-clang, r-devel-linux-x86_64-debian-gcc, r-devel-linux-x86_64-fedora-clang, r-devel-linux-x86_64-fedora-gcc, r-devel-windows-x86_64, r-patched-linux-x86_64, r-release-linux-x86_64, r-release-macos-arm64, r-release-macos-x86_64, r-release-windows-x86_64, r-oldrel-macos-arm64, r-oldrel-macos-x86_64, r-oldrel-windows-ix86+x86_64
Version: 2.3-2
Check: for GNU extensions in Makefiles
Result: NOTE
GNU make is a SystemRequirements.
Flavors: r-devel-linux-x86_64-debian-clang, r-devel-linux-x86_64-debian-gcc, r-devel-linux-x86_64-fedora-clang, r-devel-linux-x86_64-fedora-gcc, r-devel-windows-x86_64, r-patched-linux-x86_64, r-release-linux-x86_64, r-release-macos-arm64, r-release-macos-x86_64, r-release-windows-x86_64, r-oldrel-macos-arm64, r-oldrel-macos-x86_64
Version: 2.3-2
Check: installed package size
Result: NOTE
installed size is 73.1Mb
sub-directories of 1Mb or more:
libs 72.4Mb
Flavors: r-devel-linux-x86_64-fedora-clang, r-devel-windows-x86_64, r-release-macos-arm64, r-release-macos-x86_64, r-release-windows-x86_64, r-oldrel-macos-arm64, r-oldrel-macos-x86_64
Version: 2.3-2
Check: whether package can be installed
Result: ERROR
Installation failed.
Flavor: r-oldrel-windows-ix86+x86_64