Last updated on 2022-05-15 01:52:18 CEST.
Flavor | Version | Tinstall | Tcheck | Ttotal | Status | Flags |
---|---|---|---|---|---|---|
r-devel-linux-x86_64-debian-clang | 0.1.1 | 41.01 | 71.94 | 112.95 | NOTE | |
r-devel-linux-x86_64-debian-gcc | 0.1.1 | 33.12 | 52.77 | 85.89 | NOTE | |
r-devel-linux-x86_64-fedora-clang | 0.1.1 | 151.58 | NOTE | |||
r-devel-linux-x86_64-fedora-gcc | 0.1.1 | 137.89 | NOTE | |||
r-devel-windows-x86_64 | 0.1.1 | 46.00 | 108.00 | 154.00 | NOTE | |
r-patched-linux-x86_64 | 0.1.1 | 36.12 | 67.08 | 103.20 | NOTE | |
r-release-linux-x86_64 | 0.1.1 | 37.09 | 67.20 | 104.29 | NOTE | |
r-release-macos-arm64 | 0.1.1 | 40.00 | NOTE | |||
r-release-macos-x86_64 | 0.1.1 | 65.00 | NOTE | |||
r-release-windows-x86_64 | 0.1.1 | 49.00 | 105.00 | 154.00 | NOTE | |
r-oldrel-macos-arm64 | 0.1.1 | 44.00 | NOTE | |||
r-oldrel-macos-x86_64 | 0.1.1 | 65.00 | NOTE | |||
r-oldrel-windows-ix86+x86_64 | 0.1.1 | 104.00 | 115.00 | 219.00 | NOTE |
Version: 0.1.1
Check: LazyData
Result: NOTE
'LazyData' is specified without a 'data' directory
Flavors: r-devel-linux-x86_64-debian-clang, r-devel-linux-x86_64-debian-gcc, r-devel-linux-x86_64-fedora-clang, r-devel-linux-x86_64-fedora-gcc, r-devel-windows-x86_64, r-patched-linux-x86_64, r-release-linux-x86_64, r-release-macos-arm64, r-release-macos-x86_64, r-release-windows-x86_64, r-oldrel-macos-arm64, r-oldrel-macos-x86_64, r-oldrel-windows-ix86+x86_64