Last updated on 2022-05-15 01:52:18 CEST.
Flavor | Version | Tinstall | Tcheck | Ttotal | Status | Flags |
---|---|---|---|---|---|---|
r-devel-linux-x86_64-debian-clang | 0.3.5 | 7.03 | 81.28 | 88.31 | OK | |
r-devel-linux-x86_64-debian-gcc | 0.3.5 | 6.32 | 61.37 | 67.69 | OK | |
r-devel-linux-x86_64-fedora-clang | 0.3.5 | 108.64 | NOTE | |||
r-devel-linux-x86_64-fedora-gcc | 0.3.5 | 102.35 | NOTE | |||
r-devel-windows-x86_64 | 0.3.5 | 42.00 | 119.00 | 161.00 | OK | |
r-patched-linux-x86_64 | 0.3.5 | 13.02 | 77.33 | 90.35 | OK | |
r-release-linux-x86_64 | 0.3.5 | 7.42 | 76.89 | 84.31 | OK | |
r-release-macos-arm64 | 0.3.5 | 35.00 | NOTE | |||
r-release-macos-x86_64 | 0.3.5 | 65.00 | NOTE | |||
r-release-windows-x86_64 | 0.3.5 | 36.00 | 121.00 | 157.00 | OK | |
r-oldrel-macos-arm64 | 0.3.5 | 36.00 | NOTE | |||
r-oldrel-macos-x86_64 | 0.3.5 | 50.00 | NOTE | |||
r-oldrel-windows-ix86+x86_64 | 0.3.5 | 17.00 | 103.00 | 120.00 | OK |
Version: 0.3.5
Check: dependencies in R code
Result: NOTE
Namespaces in Imports field not imported from:
‘methods’ ‘rappdirs’ ‘rgdal’ ‘tools’ ‘xml2’
All declared Imports should be used.
Flavors: r-devel-linux-x86_64-fedora-clang, r-devel-linux-x86_64-fedora-gcc, r-release-macos-arm64, r-release-macos-x86_64, r-oldrel-macos-arm64, r-oldrel-macos-x86_64