CRAN Package Check Results for Package ebal

Last updated on 2022-05-15 01:52:18 CEST.

Flavor Version Tinstall Tcheck Ttotal Status Flags
r-devel-linux-x86_64-debian-clang 0.1-6 1.76 31.18 32.94 NOTE
r-devel-linux-x86_64-debian-gcc 0.1-6 1.61 24.21 25.82 NOTE
r-devel-linux-x86_64-fedora-clang 0.1-6 41.29 NOTE
r-devel-linux-x86_64-fedora-gcc 0.1-6 39.48 NOTE
r-devel-windows-x86_64 0.1-6 9.00 49.00 58.00 NOTE
r-patched-linux-x86_64 0.1-6 2.53 29.56 32.09 NOTE
r-release-linux-x86_64 0.1-6 1.74 30.41 32.15 NOTE
r-release-macos-arm64 0.1-6 13.00 NOTE
r-release-macos-x86_64 0.1-6 21.00 NOTE
r-release-windows-x86_64 0.1-6 5.00 50.00 55.00 NOTE
r-oldrel-macos-arm64 0.1-6 17.00 NOTE
r-oldrel-macos-x86_64 0.1-6 26.00 NOTE
r-oldrel-windows-ix86+x86_64 0.1-6 5.00 26.00 31.00 NOTE

Check Details

Version: 0.1-6
Check: R code for possible problems
Result: NOTE
    eb: no visible global function definition for 'optimize'
    ebalance: no visible global function definition for 'var'
    Undefined global functions or variables:
     optimize var
    Consider adding
     importFrom("stats", "optimize", "var")
    to your NAMESPACE file.
Flavors: r-devel-linux-x86_64-debian-clang, r-devel-linux-x86_64-debian-gcc, r-devel-linux-x86_64-fedora-clang, r-devel-linux-x86_64-fedora-gcc, r-devel-windows-x86_64, r-patched-linux-x86_64, r-release-linux-x86_64, r-release-macos-arm64, r-release-macos-x86_64, r-release-windows-x86_64, r-oldrel-macos-arm64, r-oldrel-macos-x86_64, r-oldrel-windows-ix86+x86_64