Last updated on 2022-05-15 01:52:18 CEST.
Flavor | Version | Tinstall | Tcheck | Ttotal | Status | Flags |
---|---|---|---|---|---|---|
r-devel-linux-x86_64-debian-clang | 0.0.12 | 55.09 | 111.99 | 167.08 | OK | |
r-devel-linux-x86_64-debian-gcc | 0.0.12 | 40.42 | 83.20 | 123.62 | OK | |
r-devel-linux-x86_64-fedora-clang | 0.0.12 | 226.30 | OK | |||
r-devel-linux-x86_64-fedora-gcc | 0.0.12 | 213.80 | OK | |||
r-devel-windows-x86_64 | 0.0.12 | 73.00 | 134.00 | 207.00 | OK | |
r-patched-linux-x86_64 | 0.0.12 | 47.84 | 104.65 | 152.49 | OK | |
r-release-linux-x86_64 | 0.0.12 | 44.59 | 105.47 | 150.06 | OK | |
r-release-macos-arm64 | 0.0.12 | 51.00 | NOTE | |||
r-release-macos-x86_64 | 0.0.12 | 70.00 | NOTE | |||
r-release-windows-x86_64 | 0.0.12 | 66.00 | 133.00 | 199.00 | OK | |
r-oldrel-macos-arm64 | 0.0.12 | 51.00 | NOTE | |||
r-oldrel-macos-x86_64 | 0.0.12 | 77.00 | NOTE | |||
r-oldrel-windows-ix86+x86_64 | 0.0.12 | 120.00 | 181.00 | 301.00 | OK |
Version: 0.0.12
Check: installed package size
Result: NOTE
installed size is 6.7Mb
sub-directories of 1Mb or more:
R 2.2Mb
libs 4.1Mb
Flavors: r-release-macos-arm64, r-release-macos-x86_64, r-oldrel-macos-arm64, r-oldrel-macos-x86_64