Last updated on 2022-05-15 01:52:18 CEST.
Flavor | Version | Tinstall | Tcheck | Ttotal | Status | Flags |
---|---|---|---|---|---|---|
r-devel-linux-x86_64-debian-clang | 0.1.4 | 10.48 | 95.17 | 105.65 | NOTE | |
r-devel-linux-x86_64-debian-gcc | 0.1.4 | 8.29 | 72.37 | 80.66 | NOTE | |
r-devel-linux-x86_64-fedora-clang | 0.1.4 | 132.28 | NOTE | |||
r-devel-linux-x86_64-fedora-gcc | 0.1.4 | 127.51 | NOTE | |||
r-devel-windows-x86_64 | 0.1.4 | 20.00 | 113.00 | 133.00 | NOTE | |
r-patched-linux-x86_64 | 0.1.4 | 6.06 | 90.04 | 96.10 | NOTE | |
r-release-linux-x86_64 | 0.1.4 | 6.31 | 90.89 | 97.20 | NOTE | |
r-release-macos-arm64 | 0.1.4 | 45.00 | NOTE | |||
r-release-macos-x86_64 | 0.1.4 | 63.00 | NOTE | |||
r-release-windows-x86_64 | 0.1.4 | 20.00 | 117.00 | 137.00 | NOTE | |
r-oldrel-macos-arm64 | 0.1.4 | 39.00 | NOTE | |||
r-oldrel-macos-x86_64 | 0.1.4 | 65.00 | NOTE | |||
r-oldrel-windows-ix86+x86_64 | 0.1.4 | 26.00 | 114.00 | 140.00 | NOTE |
Version: 0.1.4
Check: LazyData
Result: NOTE
'LazyData' is specified without a 'data' directory
Flavors: r-devel-linux-x86_64-debian-clang, r-devel-linux-x86_64-debian-gcc, r-devel-linux-x86_64-fedora-clang, r-devel-linux-x86_64-fedora-gcc, r-devel-windows-x86_64, r-patched-linux-x86_64, r-release-linux-x86_64, r-release-macos-arm64, r-release-macos-x86_64, r-release-windows-x86_64, r-oldrel-macos-arm64, r-oldrel-macos-x86_64, r-oldrel-windows-ix86+x86_64