CRAN Package Check Results for Package dpseg

Last updated on 2022-05-15 01:52:18 CEST.

Flavor Version Tinstall Tcheck Ttotal Status Flags
r-devel-linux-x86_64-debian-clang 0.1.1 22.46 65.65 88.11 OK
r-devel-linux-x86_64-debian-gcc 0.1.1 17.80 48.69 66.49 OK
r-devel-linux-x86_64-fedora-clang 0.1.1 113.28 NOTE
r-devel-linux-x86_64-fedora-gcc 0.1.1 106.48 OK
r-devel-windows-x86_64 0.1.1 36.00 118.00 154.00 OK
r-patched-linux-x86_64 0.1.1 21.47 62.21 83.68 OK
r-release-linux-x86_64 0.1.1 18.48 61.55 80.03 OK
r-release-macos-arm64 0.1.1 34.00 OK
r-release-macos-x86_64 0.1.1 45.00 OK
r-release-windows-x86_64 0.1.1 32.00 111.00 143.00 OK
r-oldrel-macos-arm64 0.1.1 37.00 OK
r-oldrel-macos-x86_64 0.1.1 64.00 OK
r-oldrel-windows-ix86+x86_64 0.1.1 58.00 101.00 159.00 OK

Check Details

Version: 0.1.1
Check: Rd cross-references
Result: NOTE
    Undeclared package ‘RcppEigen’ in Rd xrefs
Flavor: r-devel-linux-x86_64-fedora-clang