Last updated on 2022-05-15 01:52:17 CEST.
Flavor | Version | Tinstall | Tcheck | Ttotal | Status | Flags |
---|---|---|---|---|---|---|
r-devel-linux-x86_64-debian-clang | 1.0.17 | 2.77 | 139.47 | 142.24 | NOTE | |
r-devel-linux-x86_64-debian-gcc | 1.0.17 | 2.09 | 103.61 | 105.70 | NOTE | |
r-devel-linux-x86_64-fedora-clang | 1.0.17 | 164.99 | OK | |||
r-devel-linux-x86_64-fedora-gcc | 1.0.17 | 161.06 | OK | |||
r-devel-windows-x86_64 | 1.0.17 | 27.00 | 157.00 | 184.00 | OK | |
r-patched-linux-x86_64 | 1.0.17 | 2.45 | 126.94 | 129.39 | NOTE | |
r-release-linux-x86_64 | 1.0.17 | 2.00 | 129.36 | 131.36 | NOTE | |
r-release-macos-arm64 | 1.0.17 | 82.00 | OK | |||
r-release-macos-x86_64 | 1.0.17 | 99.00 | OK | |||
r-release-windows-x86_64 | 1.0.17 | 22.00 | 152.00 | 174.00 | OK | |
r-oldrel-macos-arm64 | 1.0.17 | 71.00 | OK | |||
r-oldrel-macos-x86_64 | 1.0.17 | 104.00 | OK | |||
r-oldrel-windows-ix86+x86_64 | 1.0.17 | 6.00 | 159.00 | 165.00 | OK |
Version: 1.0.17
Check: R code for possible problems
Result: NOTE
Found the following calls to attach():
File 'doParallel/R/doParallel.R':
attach(exportEnv)
See section 'Good practice' in '?attach'.
Flavors: r-devel-linux-x86_64-debian-clang, r-devel-linux-x86_64-debian-gcc, r-patched-linux-x86_64, r-release-linux-x86_64