Last updated on 2022-05-15 01:52:17 CEST.
Flavor | Version | Tinstall | Tcheck | Ttotal | Status | Flags |
---|---|---|---|---|---|---|
r-devel-linux-x86_64-debian-clang | 0.1.2 | 9.41 | 103.79 | 113.20 | OK | |
r-devel-linux-x86_64-debian-gcc | 0.1.2 | 6.76 | 79.18 | 85.94 | OK | |
r-devel-linux-x86_64-fedora-clang | 0.1.2 | 140.65 | NOTE | |||
r-devel-linux-x86_64-fedora-gcc | 0.1.2 | 134.72 | NOTE | |||
r-devel-windows-x86_64 | 0.1.2 | 17.00 | 101.00 | 118.00 | OK | |
r-patched-linux-x86_64 | 0.1.2 | 8.63 | 97.30 | 105.93 | OK | |
r-release-linux-x86_64 | 0.1.2 | 7.21 | 100.15 | 107.36 | OK | |
r-release-macos-arm64 | 0.1.2 | 66.00 | NOTE | |||
r-release-macos-x86_64 | 0.1.2 | 102.00 | NOTE | |||
r-release-windows-x86_64 | 0.1.2 | 13.00 | 102.00 | 115.00 | OK | |
r-oldrel-macos-arm64 | 0.1.2 | 57.00 | NOTE | |||
r-oldrel-macos-x86_64 | 0.1.2 | 55.00 | NOTE | |||
r-oldrel-windows-ix86+x86_64 | 0.1.2 | 23.00 | 102.00 | 125.00 | OK |
Version: 0.1.2
Check: dependencies in R code
Result: NOTE
Namespaces in Imports field not imported from:
‘ggmulti’ ‘loon’ ‘loon.data’ ‘loon.ggplot’ ‘loon.shiny’ ‘loon.tourr’
‘stats’ ‘zenplots’
All declared Imports should be used.
Flavors: r-devel-linux-x86_64-fedora-clang, r-devel-linux-x86_64-fedora-gcc, r-release-macos-arm64, r-release-macos-x86_64, r-oldrel-macos-arm64, r-oldrel-macos-x86_64