CRAN Package Check Results for Package dittodb

Last updated on 2022-05-15 01:52:17 CEST.

Flavor Version Tinstall Tcheck Ttotal Status Flags
r-devel-linux-x86_64-debian-clang 0.1.3 7.02 126.10 133.12 NOTE
r-devel-linux-x86_64-debian-gcc 0.1.3 4.71 94.82 99.53 NOTE
r-devel-linux-x86_64-fedora-clang 0.1.3 162.92 NOTE
r-devel-linux-x86_64-fedora-gcc 0.1.3 152.90 NOTE
r-devel-windows-x86_64 0.1.3 52.00 165.00 217.00 NOTE
r-patched-linux-x86_64 0.1.3 13.77 120.52 134.29 NOTE
r-release-linux-x86_64 0.1.3 3.75 121.61 125.36 NOTE
r-release-macos-arm64 0.1.3 54.00 NOTE
r-release-macos-x86_64 0.1.3 106.00 NOTE
r-release-windows-x86_64 0.1.3 59.00 161.00 220.00 NOTE
r-oldrel-macos-arm64 0.1.3 69.00 NOTE
r-oldrel-macos-x86_64 0.1.3 99.00 NOTE
r-oldrel-windows-ix86+x86_64 0.1.3 21.00 239.00 260.00 NOTE

Check Details

Version: 0.1.3
Check: LazyData
Result: NOTE
     'LazyData' is specified without a 'data' directory
Flavors: r-devel-linux-x86_64-debian-clang, r-devel-linux-x86_64-debian-gcc, r-devel-linux-x86_64-fedora-clang, r-devel-linux-x86_64-fedora-gcc, r-devel-windows-x86_64, r-patched-linux-x86_64, r-release-linux-x86_64, r-release-macos-arm64, r-release-macos-x86_64, r-release-windows-x86_64, r-oldrel-macos-arm64, r-oldrel-macos-x86_64, r-oldrel-windows-ix86+x86_64