Last updated on 2022-05-15 01:52:17 CEST.
Flavor | Version | Tinstall | Tcheck | Ttotal | Status | Flags |
---|---|---|---|---|---|---|
r-devel-linux-x86_64-debian-clang | 1.3-5 | 58.70 | 338.83 | 397.53 | WARN | |
r-devel-linux-x86_64-debian-gcc | 1.3-5 | 44.30 | 244.43 | 288.73 | OK | |
r-devel-linux-x86_64-fedora-clang | 1.3-5 | 458.91 | WARN | |||
r-devel-linux-x86_64-fedora-gcc | 1.3-5 | 454.17 | NOTE | |||
r-devel-windows-x86_64 | 1.3-5 | 85.00 | 342.00 | 427.00 | OK | --no-vignettes |
r-patched-linux-x86_64 | 1.3-5 | 59.55 | 314.53 | 374.08 | OK | |
r-release-linux-x86_64 | 1.3-5 | 53.11 | 315.34 | 368.45 | OK | |
r-release-macos-arm64 | 1.3-5 | 100.00 | NOTE | |||
r-release-macos-x86_64 | 1.3-5 | 141.00 | NOTE | |||
r-release-windows-x86_64 | 1.3-5 | 91.00 | 339.00 | 430.00 | OK | --no-vignettes |
r-oldrel-macos-arm64 | 1.3-5 | 100.00 | NOTE | |||
r-oldrel-macos-x86_64 | 1.3-5 | 133.00 | NOTE | |||
r-oldrel-windows-ix86+x86_64 | 1.3-5 | 118.00 | 474.00 | 592.00 | OK | --no-vignettes |
Version: 1.3-5
Check: whether package can be installed
Result: WARN
Found the following significant warnings:
percRank.cpp:21:16: warning: use of bitwise '|' with boolean operands [-Wbitwise-instead-of-logical]
Flavors: r-devel-linux-x86_64-debian-clang, r-devel-linux-x86_64-fedora-clang
Version: 1.3-5
Check: data for non-ASCII characters
Result: NOTE
Note: found 106 marked UTF-8 strings
Flavors: r-devel-linux-x86_64-fedora-clang, r-devel-linux-x86_64-fedora-gcc, r-release-macos-arm64, r-release-macos-x86_64, r-oldrel-macos-arm64, r-oldrel-macos-x86_64