Last updated on 2022-05-15 01:52:17 CEST.
Flavor | Version | Tinstall | Tcheck | Ttotal | Status | Flags |
---|---|---|---|---|---|---|
r-devel-linux-x86_64-debian-clang | 2.0.0 | 19.95 | 209.43 | 229.38 | OK | |
r-devel-linux-x86_64-debian-gcc | 2.0.0 | 12.58 | 153.26 | 165.84 | OK | |
r-devel-linux-x86_64-fedora-clang | 2.0.0 | 273.05 | NOTE | |||
r-devel-linux-x86_64-fedora-gcc | 2.0.0 | 257.94 | OK | |||
r-devel-windows-x86_64 | 2.0.0 | 46.00 | 229.00 | 275.00 | OK | |
r-patched-linux-x86_64 | 2.0.0 | 11.35 | 192.66 | 204.01 | OK | |
r-release-linux-x86_64 | 2.0.0 | 10.94 | 192.98 | 203.92 | OK | |
r-release-macos-arm64 | 2.0.0 | 75.00 | OK | |||
r-release-macos-x86_64 | 2.0.0 | 161.00 | OK | |||
r-release-windows-x86_64 | 2.0.0 | 47.00 | 221.00 | 268.00 | OK | |
r-oldrel-macos-arm64 | 2.0.0 | 83.00 | OK | |||
r-oldrel-macos-x86_64 | 2.0.0 | 99.00 | OK | |||
r-oldrel-windows-ix86+x86_64 | 2.0.0 | 35.00 | 226.00 | 261.00 | OK |
Version: 2.0.0
Check: Rd cross-references
Result: NOTE
Undeclared package ‘Hmisc’ in Rd xrefs
Flavor: r-devel-linux-x86_64-fedora-clang