CRAN Package Check Results for Package depmixS4

Last updated on 2022-05-15 01:52:17 CEST.

Flavor Version Tinstall Tcheck Ttotal Status Flags
r-devel-linux-x86_64-debian-clang 1.5-0 10.74 135.92 146.66 NOTE
r-devel-linux-x86_64-debian-gcc 1.5-0 7.53 96.87 104.40 NOTE
r-devel-linux-x86_64-fedora-clang 1.5-0 174.37 NOTE
r-devel-linux-x86_64-fedora-gcc 1.5-0 169.30 NOTE
r-devel-windows-x86_64 1.5-0 76.00 175.00 251.00 NOTE
r-patched-linux-x86_64 1.5-0 11.60 125.96 137.56 NOTE
r-release-linux-x86_64 1.5-0 9.94 127.61 137.55 NOTE
r-release-macos-arm64 1.5-0 51.00 NOTE
r-release-macos-x86_64 1.5-0 73.00 NOTE
r-release-windows-x86_64 1.5-0 78.00 178.00 256.00 NOTE
r-oldrel-macos-arm64 1.5-0 64.00 NOTE
r-oldrel-macos-x86_64 1.5-0 115.00 NOTE
r-oldrel-windows-ix86+x86_64 1.5-0 27.00 212.00 239.00 NOTE

Check Details

Version: 1.5-0
Check: package dependencies
Result: NOTE
    Package suggested but not available for checking: 'Rdonlp2'
Flavors: r-devel-linux-x86_64-debian-clang, r-devel-linux-x86_64-debian-gcc, r-devel-linux-x86_64-fedora-clang, r-devel-linux-x86_64-fedora-gcc, r-devel-windows-x86_64, r-patched-linux-x86_64, r-release-linux-x86_64, r-release-macos-arm64, r-release-macos-x86_64, r-release-windows-x86_64, r-oldrel-macos-arm64, r-oldrel-macos-x86_64, r-oldrel-windows-ix86+x86_64