Last updated on 2022-05-15 01:52:17 CEST.
Flavor | Version | Tinstall | Tcheck | Ttotal | Status | Flags |
---|---|---|---|---|---|---|
r-devel-linux-x86_64-debian-clang | 0.9.16 | 10.05 | 54.69 | 64.74 | NOTE | |
r-devel-linux-x86_64-debian-gcc | 0.9.16 | 8.50 | 41.52 | 50.02 | NOTE | |
r-devel-linux-x86_64-fedora-clang | 0.9.16 | 84.08 | NOTE | |||
r-devel-linux-x86_64-fedora-gcc | 0.9.16 | 76.37 | NOTE | |||
r-devel-windows-x86_64 | 0.9.16 | 28.00 | 72.00 | 100.00 | NOTE | |
r-patched-linux-x86_64 | 0.9.16 | 10.24 | 51.71 | 61.95 | NOTE | |
r-release-linux-x86_64 | 0.9.16 | 9.31 | 52.23 | 61.54 | NOTE | |
r-release-macos-arm64 | 0.9.16 | 25.00 | NOTE | |||
r-release-macos-x86_64 | 0.9.16 | 34.00 | NOTE | |||
r-release-windows-x86_64 | 0.9.16 | 31.00 | 70.00 | 101.00 | NOTE | |
r-oldrel-macos-arm64 | 0.9.16 | 31.00 | NOTE | |||
r-oldrel-macos-x86_64 | 0.9.16 | 44.00 | NOTE | |||
r-oldrel-windows-ix86+x86_64 | 0.9.16 | 26.00 | 76.00 | 102.00 | NOTE |
Version: 0.9.16
Check: package dependencies
Result: NOTE
Package suggested but not available for checking: 'Rdonlp2'
Flavors: r-devel-linux-x86_64-debian-clang, r-devel-linux-x86_64-debian-gcc, r-devel-linux-x86_64-fedora-clang, r-devel-linux-x86_64-fedora-gcc, r-devel-windows-x86_64, r-patched-linux-x86_64, r-release-linux-x86_64, r-release-macos-arm64, r-release-macos-x86_64, r-release-windows-x86_64, r-oldrel-macos-arm64, r-oldrel-macos-x86_64, r-oldrel-windows-ix86+x86_64