Last updated on 2022-05-15 01:52:17 CEST.
Flavor | Version | Tinstall | Tcheck | Ttotal | Status | Flags |
---|---|---|---|---|---|---|
r-devel-linux-x86_64-debian-clang | 0.3.0 | 8.30 | 73.91 | 82.21 | NOTE | |
r-devel-linux-x86_64-debian-gcc | 0.3.0 | 6.42 | 53.13 | 59.55 | NOTE | |
r-devel-linux-x86_64-fedora-clang | 0.3.0 | 96.62 | NOTE | |||
r-devel-linux-x86_64-fedora-gcc | 0.3.0 | 90.29 | NOTE | |||
r-devel-windows-x86_64 | 0.3.0 | 19.00 | 101.00 | 120.00 | NOTE | |
r-patched-linux-x86_64 | 0.3.0 | 6.07 | 66.79 | 72.86 | NOTE | |
r-release-linux-x86_64 | 0.3.0 | 6.88 | 67.75 | 74.63 | NOTE | |
r-release-macos-arm64 | 0.3.0 | 29.00 | NOTE | |||
r-release-macos-x86_64 | 0.3.0 | 46.00 | NOTE | |||
r-release-windows-x86_64 | 0.3.0 | 15.00 | 93.00 | 108.00 | NOTE | |
r-oldrel-macos-arm64 | 0.3.0 | 43.00 | NOTE | |||
r-oldrel-macos-x86_64 | 0.3.0 | 48.00 | NOTE | |||
r-oldrel-windows-ix86+x86_64 | 0.3.0 | 15.00 | 84.00 | 99.00 | NOTE |
Version: 0.3.0
Check: LazyData
Result: NOTE
'LazyData' is specified without a 'data' directory
Flavors: r-devel-linux-x86_64-debian-clang, r-devel-linux-x86_64-debian-gcc, r-devel-linux-x86_64-fedora-clang, r-devel-linux-x86_64-fedora-gcc, r-devel-windows-x86_64, r-patched-linux-x86_64, r-release-linux-x86_64, r-release-macos-arm64, r-release-macos-x86_64, r-release-windows-x86_64, r-oldrel-macos-arm64, r-oldrel-macos-x86_64, r-oldrel-windows-ix86+x86_64
Version: 0.3.0
Check: dependencies in R code
Result: NOTE
Namespace in Imports field not imported from: ‘assertthat’
All declared Imports should be used.
Flavors: r-devel-linux-x86_64-fedora-clang, r-devel-linux-x86_64-fedora-gcc, r-release-macos-arm64, r-release-macos-x86_64, r-oldrel-macos-arm64, r-oldrel-macos-x86_64