Last updated on 2022-05-15 01:52:17 CEST.
Flavor | Version | Tinstall | Tcheck | Ttotal | Status | Flags |
---|---|---|---|---|---|---|
r-devel-linux-x86_64-debian-clang | 1.1-10 | 151.27 | 109.26 | 260.53 | OK | |
r-devel-linux-x86_64-debian-gcc | 1.1-10 | 125.20 | 80.16 | 205.36 | OK | |
r-devel-linux-x86_64-fedora-clang | 1.1-10 | 408.33 | NOTE | |||
r-devel-linux-x86_64-fedora-gcc | 1.1-10 | 345.43 | OK | |||
r-devel-windows-x86_64 | 1.1-10 | 139.00 | 190.00 | 329.00 | OK | |
r-patched-linux-x86_64 | 1.1-10 | 138.27 | 102.81 | 241.08 | OK | |
r-release-linux-x86_64 | 1.1-10 | 129.68 | 104.18 | 233.86 | OK | |
r-release-macos-arm64 | 1.1-10 | 93.00 | NOTE | |||
r-release-macos-x86_64 | 1.1-10 | 129.00 | NOTE | |||
r-release-windows-x86_64 | 1.1-10 | 143.00 | 181.00 | 324.00 | OK | |
r-oldrel-macos-arm64 | 1.1-10 | 95.00 | NOTE | |||
r-oldrel-macos-x86_64 | 1.1-10 | 140.00 | NOTE | |||
r-oldrel-windows-ix86+x86_64 | 1.1-10 | 380.00 | 199.00 | 579.00 | NOTE |
Version: 1.1-10
Check: installed package size
Result: NOTE
installed size is 8.8Mb
sub-directories of 1Mb or more:
doc 2.6Mb
libs 5.8Mb
Flavors: r-devel-linux-x86_64-fedora-clang, r-release-macos-arm64, r-release-macos-x86_64, r-oldrel-macos-arm64, r-oldrel-macos-x86_64, r-oldrel-windows-ix86+x86_64