Last updated on 2022-05-15 01:52:17 CEST.
Flavor | Version | Tinstall | Tcheck | Ttotal | Status | Flags |
---|---|---|---|---|---|---|
r-devel-linux-x86_64-debian-clang | 1.0.0 | 4.19 | 136.08 | 140.27 | OK | |
r-devel-linux-x86_64-debian-gcc | 1.0.0 | 5.02 | 102.02 | 107.04 | OK | |
r-devel-linux-x86_64-fedora-clang | 1.0.0 | 147.75 | OK | |||
r-devel-linux-x86_64-fedora-gcc | 1.0.0 | 133.91 | OK | |||
r-devel-windows-x86_64 | 1.0.0 | 90.00 | 154.00 | 244.00 | OK | |
r-patched-linux-x86_64 | 1.0.0 | 8.28 | 129.00 | 137.28 | OK | |
r-release-linux-x86_64 | 1.0.0 | 5.18 | 128.50 | 133.68 | OK | |
r-release-macos-arm64 | 1.0.0 | 38.00 | OK | |||
r-release-macos-x86_64 | 1.0.0 | 62.00 | OK | |||
r-release-windows-x86_64 | 1.0.0 | 85.00 | 146.00 | 231.00 | OK | |
r-oldrel-macos-arm64 | 1.0.0 | 65.00 | OK | |||
r-oldrel-macos-x86_64 | 1.0.0 | 70.00 | OK | |||
r-oldrel-windows-ix86+x86_64 | 1.0.0 | 14.00 | 136.00 | 150.00 | WARN |
Version: 1.0.0
Check: re-building of vignette outputs
Result: WARN
Error(s) in re-building vignettes:
--- re-building 'applications.Rmd' using rmarkdown
--- finished re-building 'applications.Rmd'
--- re-building 'data.tree.Rmd' using rmarkdown
--- finished re-building 'data.tree.Rmd'
Flavor: r-oldrel-windows-ix86+x86_64