Last updated on 2022-05-15 01:52:17 CEST.
Flavor | Version | Tinstall | Tcheck | Ttotal | Status | Flags |
---|---|---|---|---|---|---|
r-devel-linux-x86_64-debian-clang | 0.3.0 | 10.34 | 86.92 | 97.26 | OK | |
r-devel-linux-x86_64-debian-gcc | 0.3.0 | 8.32 | 65.87 | 74.19 | OK | |
r-devel-linux-x86_64-fedora-clang | 0.3.0 | 117.13 | NOTE | |||
r-devel-linux-x86_64-fedora-gcc | 0.3.0 | 110.28 | NOTE | |||
r-devel-windows-x86_64 | 0.3.0 | 16.00 | 101.00 | 117.00 | OK | |
r-patched-linux-x86_64 | 0.3.0 | 11.03 | 81.92 | 92.95 | OK | |
r-release-linux-x86_64 | 0.3.0 | 9.88 | 80.74 | 90.62 | OK | |
r-release-macos-arm64 | 0.3.0 | 36.00 | NOTE | |||
r-release-macos-x86_64 | 0.3.0 | 65.00 | NOTE | |||
r-release-windows-x86_64 | 0.3.0 | 17.00 | 97.00 | 114.00 | OK | |
r-oldrel-macos-arm64 | 0.3.0 | 47.00 | NOTE | |||
r-oldrel-macos-x86_64 | 0.3.0 | 55.00 | NOTE | |||
r-oldrel-windows-ix86+x86_64 | 0.3.0 | 24.00 | 89.00 | 113.00 | OK |
Version: 0.3.0
Check: data for non-ASCII characters
Result: NOTE
Note: found 5 marked UTF-8 strings
Flavors: r-devel-linux-x86_64-fedora-clang, r-devel-linux-x86_64-fedora-gcc, r-release-macos-arm64, r-release-macos-x86_64, r-oldrel-macos-arm64, r-oldrel-macos-x86_64