CRAN Package Check Results for Package dagirlite

Last updated on 2022-05-15 01:52:17 CEST.

Flavor Version Tinstall Tcheck Ttotal Status Flags
r-devel-linux-x86_64-debian-clang 0.1.0 2.81 37.66 40.47 OK
r-devel-linux-x86_64-debian-gcc 0.1.0 1.89 29.59 31.48 OK
r-devel-linux-x86_64-fedora-clang 0.1.0 48.80 NOTE
r-devel-linux-x86_64-fedora-gcc 0.1.0 47.34 NOTE
r-devel-windows-x86_64 0.1.0 27.00 58.00 85.00 OK
r-patched-linux-x86_64 0.1.0 2.28 36.57 38.85 OK
r-release-linux-x86_64 0.1.0 2.28 37.04 39.32 OK
r-release-macos-arm64 0.1.0 16.00 NOTE
r-release-macos-x86_64 0.1.0 25.00 NOTE
r-release-windows-x86_64 0.1.0 44.00 56.00 100.00 OK
r-oldrel-macos-arm64 0.1.0 16.00 NOTE
r-oldrel-macos-x86_64 0.1.0 24.00 NOTE
r-oldrel-windows-ix86+x86_64 0.1.0 7.00 44.00 51.00 OK

Check Details

Version: 0.1.0
Check: dependencies in R code
Result: NOTE
    Namespace in Imports field not imported from: ‘knitr’
     All declared Imports should be used.
Flavors: r-devel-linux-x86_64-fedora-clang, r-devel-linux-x86_64-fedora-gcc, r-release-macos-arm64, r-release-macos-x86_64, r-oldrel-macos-arm64, r-oldrel-macos-x86_64

Version: 0.1.0
Check: data for non-ASCII characters
Result: NOTE
     Note: found 212 marked Latin-1 strings
     Note: found 12719 marked UTF-8 strings
Flavors: r-devel-linux-x86_64-fedora-clang, r-devel-linux-x86_64-fedora-gcc, r-release-macos-arm64, r-release-macos-x86_64, r-oldrel-macos-arm64, r-oldrel-macos-x86_64