Last updated on 2022-05-15 01:52:17 CEST.
Flavor | Version | Tinstall | Tcheck | Ttotal | Status | Flags |
---|---|---|---|---|---|---|
r-devel-linux-x86_64-debian-clang | 1.1.0 | 3.38 | 42.53 | 45.91 | NOTE | |
r-devel-linux-x86_64-debian-gcc | 1.1.0 | 2.35 | 32.84 | 35.19 | NOTE | |
r-devel-linux-x86_64-fedora-clang | 1.1.0 | 55.99 | NOTE | |||
r-devel-linux-x86_64-fedora-gcc | 1.1.0 | 53.14 | NOTE | |||
r-devel-windows-x86_64 | 1.1.0 | 20.00 | 62.00 | 82.00 | NOTE | |
r-patched-linux-x86_64 | 1.1.0 | 3.12 | 41.42 | 44.54 | NOTE | |
r-release-linux-x86_64 | 1.1.0 | 2.96 | 40.72 | 43.68 | NOTE | |
r-release-macos-arm64 | 1.1.0 | 20.00 | NOTE | |||
r-release-macos-x86_64 | 1.1.0 | 26.00 | NOTE | |||
r-release-windows-x86_64 | 1.1.0 | 18.00 | 64.00 | 82.00 | NOTE | |
r-oldrel-macos-arm64 | 1.1.0 | 25.00 | NOTE | |||
r-oldrel-macos-x86_64 | 1.1.0 | 35.00 | NOTE | |||
r-oldrel-windows-ix86+x86_64 | 1.1.0 | 7.00 | 50.00 | 57.00 | NOTE |
Version: 1.1.0
Check: LazyData
Result: NOTE
'LazyData' is specified without a 'data' directory
Flavors: r-devel-linux-x86_64-debian-clang, r-devel-linux-x86_64-debian-gcc, r-devel-linux-x86_64-fedora-clang, r-devel-linux-x86_64-fedora-gcc, r-devel-windows-x86_64, r-patched-linux-x86_64, r-release-linux-x86_64, r-release-macos-arm64, r-release-macos-x86_64, r-release-windows-x86_64, r-oldrel-macos-arm64, r-oldrel-macos-x86_64, r-oldrel-windows-ix86+x86_64