Last updated on 2022-05-15 01:52:17 CEST.
Flavor | Version | Tinstall | Tcheck | Ttotal | Status | Flags |
---|---|---|---|---|---|---|
r-devel-linux-x86_64-debian-clang | 0.2.0 | 25.17 | 253.74 | 278.91 | NOTE | |
r-devel-linux-x86_64-debian-gcc | 0.2.0 | 23.54 | 184.78 | 208.32 | NOTE | |
r-devel-linux-x86_64-fedora-clang | 0.2.0 | 323.43 | NOTE | |||
r-devel-linux-x86_64-fedora-gcc | 0.2.0 | 320.47 | NOTE | |||
r-devel-windows-x86_64 | 0.2.0 | 46.00 | 227.00 | 273.00 | NOTE | |
r-patched-linux-x86_64 | 0.2.0 | 23.61 | 238.53 | 262.14 | NOTE | |
r-release-linux-x86_64 | 0.2.0 | 29.28 | 237.25 | 266.53 | NOTE | |
r-release-macos-arm64 | 0.2.0 | 64.00 | NOTE | |||
r-release-macos-x86_64 | 0.2.0 | 118.00 | NOTE | |||
r-release-windows-x86_64 | 0.2.0 | 32.00 | 233.00 | 265.00 | NOTE | |
r-oldrel-macos-arm64 | 0.2.0 | 38.00 | NOTE | |||
r-oldrel-macos-x86_64 | 0.2.0 | 57.00 | NOTE | |||
r-oldrel-windows-ix86+x86_64 | 0.2.0 | 59.00 | 231.00 | 290.00 | NOTE |
Version: 0.2.0
Check: LazyData
Result: NOTE
'LazyData' is specified without a 'data' directory
Flavors: r-devel-linux-x86_64-debian-clang, r-devel-linux-x86_64-debian-gcc, r-devel-linux-x86_64-fedora-clang, r-devel-linux-x86_64-fedora-gcc, r-devel-windows-x86_64, r-patched-linux-x86_64, r-release-linux-x86_64, r-release-macos-arm64, r-release-macos-x86_64, r-release-windows-x86_64, r-oldrel-macos-arm64, r-oldrel-macos-x86_64, r-oldrel-windows-ix86+x86_64