CRAN Package Check Results for Package ctsem

Last updated on 2022-05-15 01:52:17 CEST.

Flavor Version Tinstall Tcheck Ttotal Status Flags
r-devel-linux-x86_64-debian-clang 3.6.0 1332.11 12.88 1344.99 ERROR
r-devel-linux-x86_64-debian-gcc 3.6.0 776.80 290.36 1067.16 NOTE
r-devel-linux-x86_64-fedora-clang 3.6.0 2415.17 NOTE
r-devel-linux-x86_64-fedora-gcc 3.6.0 1780.10 NOTE
r-devel-windows-x86_64 3.6.0 458.00 373.00 831.00 NOTE --no-vignettes
r-patched-linux-x86_64 3.6.0 550.99 378.70 929.69 NOTE
r-release-linux-x86_64 3.6.0 0.01 12.60 12.61 ERROR
r-release-macos-arm64 3.6.0 644.00 NOTE
r-release-macos-x86_64 3.6.0 1561.00 NOTE
r-release-windows-x86_64 3.6.0 482.00 365.00 847.00 NOTE --no-vignettes
r-oldrel-macos-arm64 3.6.0 551.00 NOTE
r-oldrel-macos-x86_64 3.6.0 883.00 NOTE
r-oldrel-windows-ix86+x86_64 3.6.0 1010.00 444.00 1454.00 NOTE --no-vignettes

Check Details

Version: 3.6.0
Check: whether package can be installed
Result: ERROR
    Installation failed.
Flavors: r-devel-linux-x86_64-debian-clang, r-release-linux-x86_64

Version: 3.6.0
Check: for GNU extensions in Makefiles
Result: NOTE
    GNU make is a SystemRequirements.
Flavors: r-devel-linux-x86_64-debian-gcc, r-devel-linux-x86_64-fedora-clang, r-devel-linux-x86_64-fedora-gcc, r-patched-linux-x86_64, r-release-macos-arm64, r-release-macos-x86_64, r-oldrel-macos-arm64, r-oldrel-macos-x86_64

Version: 3.6.0
Check: installed package size
Result: NOTE
     installed size is 113.6Mb
     sub-directories of 1Mb or more:
     R 1.2Mb
     data 1.7Mb
     libs 109.5Mb
Flavors: r-devel-linux-x86_64-fedora-clang, r-release-macos-arm64, r-release-macos-x86_64, r-oldrel-macos-arm64, r-oldrel-macos-x86_64

Version: 3.6.0
Check: dependencies in R code
Result: NOTE
    Namespace in Imports field not imported from: ‘pkgbuild’
     All declared Imports should be used.
Flavors: r-devel-linux-x86_64-fedora-clang, r-devel-linux-x86_64-fedora-gcc, r-release-macos-arm64, r-release-macos-x86_64, r-oldrel-macos-arm64, r-oldrel-macos-x86_64

Version: 3.6.0
Check: for detritus in the temp directory
Result: NOTE
    Found the following files/directories:
     ‘par-7269706c6579’
Flavors: r-devel-linux-x86_64-fedora-clang, r-devel-linux-x86_64-fedora-gcc

Version: 3.6.0
Flags: --no-vignettes
Check: installed package size
Result: NOTE
     installed size is 10.0Mb
     sub-directories of 1Mb or more:
     R 1.2Mb
     data 1.7Mb
     libs 6.0Mb
Flavors: r-devel-windows-x86_64, r-release-windows-x86_64, r-oldrel-windows-ix86+x86_64

Version: 3.6.0
Flags: --no-vignettes
Check: for GNU extensions in Makefiles
Result: NOTE
    GNU make is a SystemRequirements.
Flavors: r-devel-windows-x86_64, r-release-windows-x86_64, r-oldrel-windows-ix86+x86_64