CRAN Package Check Results for Package credule

Last updated on 2022-05-15 01:52:16 CEST.

Flavor Version Tinstall Tcheck Ttotal Status Flags
r-devel-linux-x86_64-debian-clang 0.1.4 3.12 33.58 36.70 OK
r-devel-linux-x86_64-debian-gcc 0.1.4 2.24 26.62 28.86 OK
r-devel-linux-x86_64-fedora-clang 0.1.4 45.73 NOTE
r-devel-linux-x86_64-fedora-gcc 0.1.4 43.80 NOTE
r-devel-windows-x86_64 0.1.4 19.00 58.00 77.00 OK
r-patched-linux-x86_64 0.1.4 2.42 32.82 35.24 OK
r-release-linux-x86_64 0.1.4 2.62 33.14 35.76 OK
r-release-macos-arm64 0.1.4 18.00 OK
r-release-macos-x86_64 0.1.4 25.00 OK
r-release-windows-x86_64 0.1.4 16.00 53.00 69.00 OK
r-oldrel-macos-arm64 0.1.4 27.00 OK
r-oldrel-macos-x86_64 0.1.4 28.00 OK
r-oldrel-windows-ix86+x86_64 0.1.4 8.00 47.00 55.00 OK

Check Details

Version: 0.1.4
Check: compiled code
Result: NOTE
    File ‘credule/libs/credule.so’:
     Found no calls to: ‘R_registerRoutines’, ‘R_useDynamicSymbols’
    
    It is good practice to register native routines and to disable symbol
    search.
    
    See ‘Writing portable packages’ in the ‘Writing R Extensions’ manual.
Flavors: r-devel-linux-x86_64-fedora-clang, r-devel-linux-x86_64-fedora-gcc