Last updated on 2022-05-15 01:52:16 CEST.
Flavor | Version | Tinstall | Tcheck | Ttotal | Status | Flags |
---|---|---|---|---|---|---|
r-devel-linux-x86_64-debian-clang | 0.5.4 | 9.06 | 1102.64 | 1111.70 | NOTE | |
r-devel-linux-x86_64-debian-gcc | 0.5.4 | 7.67 | 767.55 | 775.22 | NOTE | |
r-devel-linux-x86_64-fedora-clang | 0.5.4 | 1516.25 | NOTE | |||
r-devel-linux-x86_64-fedora-gcc | 0.5.4 | 1263.27 | NOTE | |||
r-devel-windows-x86_64 | 0.5.4 | 34.00 | 1281.00 | 1315.00 | NOTE | |
r-patched-linux-x86_64 | 0.5.4 | 10.30 | 1035.63 | 1045.93 | NOTE | |
r-release-linux-x86_64 | 0.5.4 | 6.79 | 1017.80 | 1024.59 | NOTE | |
r-release-macos-arm64 | 0.5.4 | 414.00 | NOTE | |||
r-release-macos-x86_64 | 0.5.4 | 780.00 | NOTE | |||
r-release-windows-x86_64 | 0.5.4 | 36.00 | 1215.00 | 1251.00 | NOTE | |
r-oldrel-macos-arm64 | 0.5.4 | 649.00 | NOTE | |||
r-oldrel-macos-x86_64 | 0.5.4 | 873.00 | NOTE | |||
r-oldrel-windows-ix86+x86_64 | 0.5.4 | 22.00 | 1309.00 | 1331.00 | NOTE |
Version: 0.5.4
Check: LazyData
Result: NOTE
'LazyData' is specified without a 'data' directory
Flavors: r-devel-linux-x86_64-debian-clang, r-devel-linux-x86_64-debian-gcc, r-devel-linux-x86_64-fedora-clang, r-devel-linux-x86_64-fedora-gcc, r-devel-windows-x86_64, r-patched-linux-x86_64, r-release-linux-x86_64, r-release-macos-arm64, r-release-macos-x86_64, r-release-windows-x86_64, r-oldrel-macos-arm64, r-oldrel-macos-x86_64, r-oldrel-windows-ix86+x86_64
Version: 0.5.4
Check: installed package size
Result: NOTE
installed size is 8.2Mb
sub-directories of 1Mb or more:
doc 7.9Mb
Flavors: r-devel-linux-x86_64-fedora-clang, r-devel-windows-x86_64, r-release-macos-arm64, r-release-macos-x86_64, r-release-windows-x86_64, r-oldrel-macos-arm64, r-oldrel-macos-x86_64, r-oldrel-windows-ix86+x86_64