Last updated on 2022-05-15 01:52:16 CEST.
Flavor | Version | Tinstall | Tcheck | Ttotal | Status | Flags |
---|---|---|---|---|---|---|
r-devel-linux-x86_64-debian-clang | 1.0.0 | 2.33 | 236.60 | 238.93 | OK | |
r-devel-linux-x86_64-debian-gcc | 1.0.0 | 2.53 | 156.57 | 159.10 | OK | |
r-devel-linux-x86_64-fedora-clang | 1.0.0 | 264.16 | NOTE | |||
r-devel-linux-x86_64-fedora-gcc | 1.0.0 | 260.13 | NOTE | |||
r-devel-windows-x86_64 | 1.0.0 | 9.00 | 185.00 | 194.00 | OK | |
r-patched-linux-x86_64 | 1.0.0 | 2.60 | 234.87 | 237.47 | OK | |
r-release-linux-x86_64 | 1.0.0 | 2.86 | 236.67 | 239.53 | OK | |
r-release-macos-arm64 | 1.0.0 | 65.00 | NOTE | |||
r-release-macos-x86_64 | 1.0.0 | 87.00 | NOTE | |||
r-release-windows-x86_64 | 1.0.0 | 16.00 | 181.00 | 197.00 | OK | |
r-oldrel-macos-arm64 | 1.0.0 | 74.00 | NOTE | |||
r-oldrel-macos-x86_64 | 1.0.0 | 82.00 | NOTE | |||
r-oldrel-windows-ix86+x86_64 | 1.0.0 | 7.00 | 206.00 | 213.00 | OK |
Version: 1.0.0
Check: dependencies in R code
Result: NOTE
Namespaces in Imports field not imported from:
‘Rcpp’ ‘gsl’
All declared Imports should be used.
Flavors: r-devel-linux-x86_64-fedora-clang, r-devel-linux-x86_64-fedora-gcc, r-release-macos-arm64, r-release-macos-x86_64, r-oldrel-macos-arm64, r-oldrel-macos-x86_64