Last updated on 2022-05-15 01:52:16 CEST.
Flavor | Version | Tinstall | Tcheck | Ttotal | Status | Flags |
---|---|---|---|---|---|---|
r-devel-linux-x86_64-debian-clang | 1.0.1 | 3.98 | 243.08 | 247.06 | OK | |
r-devel-linux-x86_64-debian-gcc | 1.0.1 | 3.06 | 166.67 | 169.73 | OK | |
r-devel-linux-x86_64-fedora-clang | 1.0.1 | 277.98 | NOTE | |||
r-devel-linux-x86_64-fedora-gcc | 1.0.1 | 262.95 | NOTE | |||
r-devel-windows-x86_64 | 1.0.1 | 54.00 | 280.00 | 334.00 | OK | |
r-patched-linux-x86_64 | 1.0.1 | 2.48 | 213.37 | 215.85 | OK | |
r-release-linux-x86_64 | 1.0.1 | 2.27 | 213.86 | 216.13 | OK | |
r-release-macos-arm64 | 1.0.1 | 87.00 | NOTE | |||
r-release-macos-x86_64 | 1.0.1 | 173.00 | NOTE | |||
r-release-windows-x86_64 | 1.0.1 | 37.00 | 265.00 | 302.00 | OK | |
r-oldrel-macos-arm64 | 1.0.1 | 76.00 | NOTE | |||
r-oldrel-macos-x86_64 | 1.0.1 | 121.00 | NOTE | |||
r-oldrel-windows-ix86+x86_64 | 1.0.1 | 9.00 | 265.00 | 274.00 | OK |
Version: 1.0.1
Check: dependencies in R code
Result: NOTE
Namespaces in Imports field not imported from:
‘colourpicker’ ‘dplyr’ ‘markdown’ ‘shinyjs’ ‘shinymeta’ ‘table1’
‘tidyr’
All declared Imports should be used.
Flavors: r-devel-linux-x86_64-fedora-clang, r-devel-linux-x86_64-fedora-gcc, r-release-macos-arm64, r-release-macos-x86_64, r-oldrel-macos-arm64, r-oldrel-macos-x86_64