Last updated on 2022-05-15 01:52:16 CEST.
Flavor | Version | Tinstall | Tcheck | Ttotal | Status | Flags |
---|---|---|---|---|---|---|
r-devel-linux-x86_64-debian-clang | 0.2.0 | 17.59 | 191.76 | 209.35 | OK | |
r-devel-linux-x86_64-debian-gcc | 0.2.0 | 14.56 | 142.86 | 157.42 | OK | |
r-devel-linux-x86_64-fedora-clang | 0.2.0 | 241.37 | NOTE | |||
r-devel-linux-x86_64-fedora-gcc | 0.2.0 | 238.76 | NOTE | |||
r-devel-windows-x86_64 | 0.2.0 | 116.00 | 211.00 | 327.00 | OK | |
r-patched-linux-x86_64 | 0.2.0 | 11.56 | 182.34 | 193.90 | OK | |
r-release-linux-x86_64 | 0.2.0 | 10.73 | 182.52 | 193.25 | OK | |
r-release-macos-arm64 | 0.2.0 | 74.00 | NOTE | |||
r-release-macos-x86_64 | 0.2.0 | 127.00 | NOTE | |||
r-release-windows-x86_64 | 0.2.0 | 105.00 | 208.00 | 313.00 | OK | |
r-oldrel-macos-arm64 | 0.2.0 | 105.00 | NOTE | |||
r-oldrel-macos-x86_64 | 0.2.0 | 121.00 | NOTE | |||
r-oldrel-windows-ix86+x86_64 | 0.2.0 | 1.00 | 9.00 | 10.00 | ERROR |
Version: 0.2.0
Check: dependencies in R code
Result: NOTE
Namespace in Imports field not imported from: ‘utils’
All declared Imports should be used.
Flavors: r-devel-linux-x86_64-fedora-clang, r-devel-linux-x86_64-fedora-gcc, r-release-macos-arm64, r-release-macos-x86_64, r-oldrel-macos-arm64, r-oldrel-macos-x86_64
Version: 0.2.0
Check: whether package can be installed
Result: ERROR
Installation failed.
Flavor: r-oldrel-windows-ix86+x86_64