CRAN Package Check Results for Package corpustools

Last updated on 2022-05-15 01:52:16 CEST.

Flavor Version Tinstall Tcheck Ttotal Status Flags
r-devel-linux-x86_64-debian-clang 0.4.10 98.04 192.43 290.47 OK
r-devel-linux-x86_64-debian-gcc 0.4.10 76.44 133.92 210.36 OK
r-devel-linux-x86_64-fedora-clang 0.4.10 390.82 NOTE
r-devel-linux-x86_64-fedora-gcc 0.4.10 349.68 NOTE
r-devel-windows-x86_64 0.4.10 111.00 213.00 324.00 OK
r-patched-linux-x86_64 0.4.10 84.88 169.04 253.92 OK
r-release-linux-x86_64 0.4.10 82.26 172.98 255.24 OK
r-release-macos-arm64 0.4.10 87.00 NOTE
r-release-macos-x86_64 0.4.10 119.00 NOTE
r-release-windows-x86_64 0.4.10 141.00 223.00 364.00 OK
r-oldrel-macos-arm64 0.4.10 83.00 NOTE
r-oldrel-macos-x86_64 0.4.10 115.00 NOTE
r-oldrel-windows-ix86+x86_64 0.4.10 175.00 273.00 448.00 OK

Check Details

Version: 0.4.10
Check: data for non-ASCII characters
Result: NOTE
     Note: found 438 marked UTF-8 strings
Flavors: r-devel-linux-x86_64-fedora-clang, r-devel-linux-x86_64-fedora-gcc, r-release-macos-arm64, r-release-macos-x86_64, r-oldrel-macos-arm64, r-oldrel-macos-x86_64