Last updated on 2022-05-15 01:52:16 CEST.
Flavor | Version | Tinstall | Tcheck | Ttotal | Status | Flags |
---|---|---|---|---|---|---|
r-devel-linux-x86_64-debian-clang | 0.7.0 | 5.78 | 59.67 | 65.45 | OK | |
r-devel-linux-x86_64-debian-gcc | 0.7.0 | 4.83 | 47.77 | 52.60 | OK | |
r-devel-linux-x86_64-fedora-clang | 0.7.0 | 80.45 | NOTE | |||
r-devel-linux-x86_64-fedora-gcc | 0.7.0 | 78.18 | NOTE | |||
r-devel-windows-x86_64 | 0.7.0 | 45.00 | 73.00 | 118.00 | OK | |
r-patched-linux-x86_64 | 0.7.0 | 5.53 | 59.31 | 64.84 | OK | |
r-release-linux-x86_64 | 0.7.0 | 5.59 | 59.43 | 65.02 | OK | |
r-release-macos-arm64 | 0.7.0 | 24.00 | NOTE | |||
r-release-macos-x86_64 | 0.7.0 | 45.00 | NOTE | |||
r-release-windows-x86_64 | 0.7.0 | 72.00 | 83.00 | 155.00 | OK | |
r-oldrel-macos-arm64 | 0.7.0 | 29.00 | NOTE | |||
r-oldrel-macos-x86_64 | 0.7.0 | 51.00 | NOTE | |||
r-oldrel-windows-ix86+x86_64 | 0.7.0 | 17.00 | 72.00 | 89.00 | OK |
Version: 0.7.0
Check: dependencies in R code
Result: NOTE
Namespace in Imports field not imported from: ‘ggplot2’
All declared Imports should be used.
Flavors: r-devel-linux-x86_64-fedora-clang, r-devel-linux-x86_64-fedora-gcc, r-release-macos-arm64, r-release-macos-x86_64, r-oldrel-macos-arm64, r-oldrel-macos-x86_64