Last updated on 2022-05-15 01:52:16 CEST.
Flavor | Version | Tinstall | Tcheck | Ttotal | Status | Flags |
---|---|---|---|---|---|---|
r-devel-linux-x86_64-debian-clang | 1.1-3 | 5.85 | 46.70 | 52.55 | NOTE | |
r-devel-linux-x86_64-debian-gcc | 1.1-3 | 4.10 | 35.65 | 39.75 | NOTE | |
r-devel-linux-x86_64-fedora-clang | 1.1-3 | 63.88 | NOTE | |||
r-devel-linux-x86_64-fedora-gcc | 1.1-3 | 61.04 | NOTE | |||
r-devel-windows-x86_64 | 1.1-3 | 26.00 | 59.00 | 85.00 | NOTE | |
r-patched-linux-x86_64 | 1.1-3 | 5.90 | 44.96 | 50.86 | NOTE | |
r-release-linux-x86_64 | 1.1-3 | 5.40 | 45.18 | 50.58 | NOTE | |
r-release-macos-arm64 | 1.1-3 | 20.00 | NOTE | |||
r-release-macos-x86_64 | 1.1-3 | 31.00 | NOTE | |||
r-release-windows-x86_64 | 1.1-3 | 29.00 | 63.00 | 92.00 | NOTE | |
r-oldrel-macos-arm64 | 1.1-3 | 23.00 | NOTE | |||
r-oldrel-macos-x86_64 | 1.1-3 | 40.00 | NOTE | |||
r-oldrel-windows-ix86+x86_64 | 1.1-3 | 11.00 | 54.00 | 65.00 | NOTE |
Version: 1.1-3
Check: package dependencies
Result: NOTE
Package which this enhances but not available for checking: 'rkward'
Flavors: r-devel-linux-x86_64-debian-clang, r-devel-linux-x86_64-debian-gcc, r-devel-linux-x86_64-fedora-clang, r-devel-linux-x86_64-fedora-gcc, r-devel-windows-x86_64, r-patched-linux-x86_64, r-release-linux-x86_64, r-release-macos-arm64, r-release-macos-x86_64, r-release-windows-x86_64, r-oldrel-macos-arm64, r-oldrel-macos-x86_64, r-oldrel-windows-ix86+x86_64