Last updated on 2022-05-15 01:52:16 CEST.
Flavor | Version | Tinstall | Tcheck | Ttotal | Status | Flags |
---|---|---|---|---|---|---|
r-devel-linux-x86_64-debian-clang | 0.4.4 | 11.80 | 215.51 | 227.31 | OK | |
r-devel-linux-x86_64-debian-gcc | 0.4.4 | 7.38 | 155.27 | 162.65 | OK | |
r-devel-linux-x86_64-fedora-clang | 0.4.4 | 255.36 | OK | |||
r-devel-linux-x86_64-fedora-gcc | 0.4.4 | 267.21 | OK | |||
r-devel-windows-x86_64 | 0.4.4 | 29.00 | 234.00 | 263.00 | OK | |
r-patched-linux-x86_64 | 0.4.4 | 6.43 | 195.98 | 202.41 | OK | |
r-release-linux-x86_64 | 0.4.4 | 5.76 | 197.36 | 203.12 | OK | |
r-release-macos-arm64 | 0.4.4 | 71.00 | NOTE | |||
r-release-macos-x86_64 | 0.4.4 | 130.00 | OK | |||
r-release-windows-x86_64 | 0.4.4 | 27.00 | 232.00 | 259.00 | OK | |
r-oldrel-macos-arm64 | 0.4.4 | 89.00 | OK | |||
r-oldrel-macos-x86_64 | 0.4.4 | 106.00 | OK | |||
r-oldrel-windows-ix86+x86_64 | 0.4.4 | 23.00 | 230.00 | 253.00 | OK |
Version: 0.4.4
Check: package dependencies
Result: NOTE
Packages suggested but not available for checking:
'SingleCellExperiment', 'SummarizedExperiment'
Flavor: r-release-macos-arm64