Last updated on 2022-05-15 01:52:16 CEST.
Flavor | Version | Tinstall | Tcheck | Ttotal | Status | Flags |
---|---|---|---|---|---|---|
r-devel-linux-x86_64-debian-clang | 0.1.1 | 9.48 | 122.45 | 131.93 | OK | |
r-devel-linux-x86_64-debian-gcc | 0.1.1 | 6.96 | 89.44 | 96.40 | OK | |
r-devel-linux-x86_64-fedora-clang | 0.1.1 | 153.25 | NOTE | |||
r-devel-linux-x86_64-fedora-gcc | 0.1.1 | 147.83 | OK | |||
r-devel-windows-x86_64 | 0.1.1 | 60.00 | 187.00 | 247.00 | NOTE | |
r-patched-linux-x86_64 | 0.1.1 | 10.47 | 113.65 | 124.12 | OK | |
r-release-linux-x86_64 | 0.1.1 | 5.16 | 113.32 | 118.48 | OK | |
r-release-macos-arm64 | 0.1.1 | 51.00 | NOTE | |||
r-release-macos-x86_64 | 0.1.1 | 81.00 | NOTE | |||
r-release-windows-x86_64 | 0.1.1 | 54.00 | 172.00 | 226.00 | NOTE | |
r-oldrel-macos-arm64 | 0.1.1 | 48.00 | NOTE | |||
r-oldrel-macos-x86_64 | 0.1.1 | 63.00 | NOTE | |||
r-oldrel-windows-ix86+x86_64 | 0.1.1 | 19.00 | 203.00 | 222.00 | NOTE |
Version: 0.1.1
Check: installed package size
Result: NOTE
installed size is 6.7Mb
sub-directories of 1Mb or more:
doc 5.7Mb
Flavors: r-devel-linux-x86_64-fedora-clang, r-devel-windows-x86_64, r-release-macos-arm64, r-release-macos-x86_64, r-release-windows-x86_64, r-oldrel-macos-arm64, r-oldrel-macos-x86_64, r-oldrel-windows-ix86+x86_64