Last updated on 2022-05-15 01:52:15 CEST.
Flavor | Version | Tinstall | Tcheck | Ttotal | Status | Flags |
---|---|---|---|---|---|---|
r-devel-linux-x86_64-debian-clang | 0.7.9 | 20.14 | 227.83 | 247.97 | OK | |
r-devel-linux-x86_64-debian-gcc | 0.7.9 | 14.22 | 164.36 | 178.58 | OK | |
r-devel-linux-x86_64-fedora-clang | 0.7.9 | 278.96 | NOTE | |||
r-devel-linux-x86_64-fedora-gcc | 0.7.9 | 271.92 | NOTE | |||
r-devel-windows-x86_64 | 0.7.9 | 119.00 | 272.00 | 391.00 | OK | |
r-patched-linux-x86_64 | 0.7.9 | 18.57 | 207.77 | 226.34 | OK | |
r-release-linux-x86_64 | 0.7.9 | 16.63 | 210.64 | 227.27 | OK | |
r-release-macos-arm64 | 0.7.9 | 63.00 | NOTE | |||
r-release-macos-x86_64 | 0.7.9 | 132.00 | NOTE | |||
r-release-windows-x86_64 | 0.7.9 | 109.00 | 246.00 | 355.00 | OK | |
r-oldrel-macos-arm64 | 0.7.9 | 82.00 | NOTE | |||
r-oldrel-macos-x86_64 | 0.7.9 | 95.00 | NOTE | |||
r-oldrel-windows-ix86+x86_64 | 0.7.9 | 39.00 | 251.00 | 290.00 | OK |
Version: 0.7.9
Check: dependencies in R code
Result: NOTE
Namespace in Imports field not imported from: ‘raster’
All declared Imports should be used.
Flavors: r-devel-linux-x86_64-fedora-clang, r-devel-linux-x86_64-fedora-gcc, r-release-macos-arm64, r-release-macos-x86_64, r-oldrel-macos-arm64, r-oldrel-macos-x86_64