CRAN Package Check Results for Package checkr

Last updated on 2022-05-15 01:52:15 CEST.

Flavor Version Tinstall Tcheck Ttotal Status Flags
r-devel-linux-x86_64-debian-clang 0.5.0 4.14 53.00 57.14 NOTE
r-devel-linux-x86_64-debian-gcc 0.5.0 3.40 39.38 42.78 NOTE
r-devel-linux-x86_64-fedora-clang 0.5.0 67.24 NOTE
r-devel-linux-x86_64-fedora-gcc 0.5.0 64.44 NOTE
r-devel-windows-x86_64 0.5.0 40.00 89.00 129.00 NOTE
r-patched-linux-x86_64 0.5.0 4.31 49.47 53.78 NOTE
r-release-linux-x86_64 0.5.0 4.30 48.84 53.14 NOTE
r-release-macos-arm64 0.5.0 20.00 NOTE
r-release-macos-x86_64 0.5.0 40.00 NOTE
r-release-windows-x86_64 0.5.0 43.00 75.00 118.00 NOTE
r-oldrel-macos-arm64 0.5.0 29.00 NOTE
r-oldrel-macos-x86_64 0.5.0 53.00 NOTE
r-oldrel-windows-ix86+x86_64 0.5.0 9.00 67.00 76.00 NOTE

Check Details

Version: 0.5.0
Check: LazyData
Result: NOTE
     'LazyData' is specified without a 'data' directory
Flavors: r-devel-linux-x86_64-debian-clang, r-devel-linux-x86_64-debian-gcc, r-devel-linux-x86_64-fedora-clang, r-devel-linux-x86_64-fedora-gcc, r-devel-windows-x86_64, r-patched-linux-x86_64, r-release-linux-x86_64, r-release-macos-arm64, r-release-macos-x86_64, r-release-windows-x86_64, r-oldrel-macos-arm64, r-oldrel-macos-x86_64, r-oldrel-windows-ix86+x86_64