Last updated on 2022-05-15 01:52:15 CEST.
Flavor | Version | Tinstall | Tcheck | Ttotal | Status | Flags |
---|---|---|---|---|---|---|
r-devel-linux-x86_64-debian-clang | 1.0.0 | 139.26 | 447.16 | 586.42 | WARN | |
r-devel-linux-x86_64-debian-gcc | 1.0.0 | 109.43 | 320.90 | 430.33 | OK | |
r-devel-linux-x86_64-fedora-clang | 1.0.0 | 734.30 | WARN | |||
r-devel-linux-x86_64-fedora-gcc | 1.0.0 | 701.72 | OK | |||
r-devel-windows-x86_64 | 1.0.0 | 169.00 | 475.00 | 644.00 | OK | |
r-patched-linux-x86_64 | 1.0.0 | 115.95 | 428.13 | 544.08 | OK | |
r-release-linux-x86_64 | 1.0.0 | 120.92 | 429.36 | 550.28 | OK | |
r-release-macos-arm64 | 1.0.0 | 177.00 | NOTE | |||
r-release-macos-x86_64 | 1.0.0 | 223.00 | NOTE | |||
r-release-windows-x86_64 | 1.0.0 | 164.00 | 464.00 | 628.00 | OK | |
r-oldrel-macos-arm64 | 1.0.0 | 157.00 | NOTE | |||
r-oldrel-macos-x86_64 | 1.0.0 | 217.00 | NOTE | |||
r-oldrel-windows-ix86+x86_64 | 1.0.0 | 338.00 | 631.00 | 969.00 | OK |
Version: 1.0.0
Check: whether package can be installed
Result: WARN
Found the following significant warnings:
soft_impute.cpp:49:8: warning: use of bitwise '&' with boolean operands [-Wbitwise-instead-of-logical]
Flavors: r-devel-linux-x86_64-debian-clang, r-devel-linux-x86_64-fedora-clang
Version: 1.0.0
Check: installed package size
Result: NOTE
installed size is 5.3Mb
sub-directories of 1Mb or more:
libs 4.8Mb
Flavors: r-release-macos-arm64, r-release-macos-x86_64, r-oldrel-macos-arm64, r-oldrel-macos-x86_64