Last updated on 2022-05-15 01:52:15 CEST.
Flavor | Version | Tinstall | Tcheck | Ttotal | Status | Flags |
---|---|---|---|---|---|---|
r-devel-linux-x86_64-debian-clang | 1.0-3 | 46.73 | 258.26 | 304.99 | OK | |
r-devel-linux-x86_64-debian-gcc | 1.0-3 | 34.76 | 187.87 | 222.63 | OK | |
r-devel-linux-x86_64-fedora-clang | 1.0-3 | 372.10 | NOTE | |||
r-devel-linux-x86_64-fedora-gcc | 1.0-3 | 340.12 | NOTE | |||
r-devel-windows-x86_64 | 1.0-3 | 87.00 | 278.00 | 365.00 | OK | |
r-patched-linux-x86_64 | 1.0-3 | 32.62 | 234.75 | 267.37 | OK | |
r-release-linux-x86_64 | 1.0-3 | 26.30 | 233.99 | 260.29 | OK | |
r-release-macos-arm64 | 1.0-3 | 96.00 | NOTE | |||
r-release-macos-x86_64 | 1.0-3 | 153.00 | NOTE | |||
r-release-windows-x86_64 | 1.0-3 | 85.00 | 287.00 | 372.00 | OK | |
r-oldrel-macos-arm64 | 1.0-3 | 105.00 | NOTE | |||
r-oldrel-macos-x86_64 | 1.0-3 | 193.00 | NOTE | |||
r-oldrel-windows-ix86+x86_64 | 1.0-3 | 77.00 | 280.00 | 357.00 | OK |
Version: 1.0-3
Check: dependencies in R code
Result: NOTE
Namespace in Imports field not imported from: ‘grDevices’
All declared Imports should be used.
Flavors: r-devel-linux-x86_64-fedora-clang, r-devel-linux-x86_64-fedora-gcc, r-release-macos-arm64, r-release-macos-x86_64, r-oldrel-macos-arm64, r-oldrel-macos-x86_64