Last updated on 2022-05-15 01:52:15 CEST.
Flavor | Version | Tinstall | Tcheck | Ttotal | Status | Flags |
---|---|---|---|---|---|---|
r-devel-linux-x86_64-debian-clang | 1.0.2 | 17.50 | 140.84 | 158.34 | OK | |
r-devel-linux-x86_64-debian-gcc | 1.0.2 | 14.31 | 104.08 | 118.39 | OK | |
r-devel-linux-x86_64-fedora-clang | 1.0.2 | 193.91 | NOTE | |||
r-devel-linux-x86_64-fedora-gcc | 1.0.2 | 188.34 | NOTE | |||
r-devel-windows-x86_64 | 1.0.2 | 54.00 | 186.00 | 240.00 | OK | |
r-patched-linux-x86_64 | 1.0.2 | 18.88 | 134.12 | 153.00 | OK | |
r-release-linux-x86_64 | 1.0.2 | 17.55 | 133.46 | 151.01 | OK | |
r-release-macos-arm64 | 1.0.2 | 64.00 | NOTE | |||
r-release-macos-x86_64 | 1.0.2 | 108.00 | NOTE | |||
r-release-windows-x86_64 | 1.0.2 | 55.00 | 175.00 | 230.00 | OK | |
r-oldrel-macos-arm64 | 1.0.2 | 64.00 | NOTE | |||
r-oldrel-macos-x86_64 | 1.0.2 | 68.00 | NOTE | |||
r-oldrel-windows-ix86+x86_64 | 1.0.2 | 36.00 | 147.00 | 183.00 | OK |
Version: 1.0.2
Check: data for non-ASCII characters
Result: NOTE
Note: found 1 marked UTF-8 string
Flavors: r-devel-linux-x86_64-fedora-clang, r-devel-linux-x86_64-fedora-gcc, r-release-macos-arm64, r-release-macos-x86_64, r-oldrel-macos-arm64, r-oldrel-macos-x86_64