Last updated on 2022-05-15 01:52:15 CEST.
Flavor | Version | Tinstall | Tcheck | Ttotal | Status | Flags |
---|---|---|---|---|---|---|
r-devel-linux-x86_64-debian-clang | 0.9.1 | 8.59 | 87.22 | 95.81 | OK | |
r-devel-linux-x86_64-debian-gcc | 0.9.1 | 5.71 | 65.67 | 71.38 | OK | |
r-devel-linux-x86_64-fedora-clang | 0.9.1 | 123.00 | NOTE | |||
r-devel-linux-x86_64-fedora-gcc | 0.9.1 | 122.84 | OK | |||
r-devel-windows-x86_64 | 0.9.1 | 65.00 | 112.00 | 177.00 | OK | |
r-patched-linux-x86_64 | 0.9.1 | 8.34 | 83.46 | 91.80 | OK | |
r-release-macos-arm64 | 0.9.1 | 35.00 | OK | |||
r-release-macos-x86_64 | 0.9.1 | 47.00 | OK | |||
r-oldrel-macos-arm64 | 0.9.1 | 34.00 | OK | |||
r-oldrel-macos-x86_64 | 0.9.1 | 44.00 | OK | |||
r-oldrel-windows-ix86+x86_64 | 0.9.1 | 24.00 | 104.00 | 128.00 | OK |
Version: 0.9.1
Check: Rd cross-references
Result: NOTE
Undeclared package ‘graph’ in Rd xrefs
Flavor: r-devel-linux-x86_64-fedora-clang