CRAN Package Check Results for Package catmap

Last updated on 2022-05-15 01:52:15 CEST.

Flavor Version Tinstall Tcheck Ttotal Status Flags
r-devel-linux-x86_64-debian-clang 1.6.4 3.13 42.71 45.84 NOTE
r-devel-linux-x86_64-debian-gcc 1.6.4 2.50 32.92 35.42 NOTE
r-devel-linux-x86_64-fedora-clang 1.6.4 57.18 NOTE
r-devel-linux-x86_64-fedora-gcc 1.6.4 54.42 NOTE
r-devel-windows-x86_64 1.6.4 9.00 59.00 68.00 OK
r-patched-linux-x86_64 1.6.4 2.83 41.64 44.47 NOTE
r-release-linux-x86_64 1.6.4 3.13 41.49 44.62 NOTE
r-release-macos-arm64 1.6.4 19.00 OK
r-release-macos-x86_64 1.6.4 25.00 OK
r-release-windows-x86_64 1.6.4 14.00 59.00 73.00 OK
r-oldrel-macos-arm64 1.6.4 22.00 OK
r-oldrel-macos-x86_64 1.6.4 33.00 OK
r-oldrel-windows-ix86+x86_64 1.6.4 7.00 50.00 57.00 OK

Check Details

Version: 1.6.4
Check: for non-standard things in the check directory
Result: NOTE
    Found the following files/directories:
     'catmapdata.fixed.effects.plot.pdf' 'catmapdata.funnel.plot.pdf'
     'catmapdata.output.txt' 'catmapdata.random.effects.plot.pdf'
Flavors: r-devel-linux-x86_64-debian-clang, r-devel-linux-x86_64-debian-gcc, r-devel-linux-x86_64-fedora-clang, r-devel-linux-x86_64-fedora-gcc, r-patched-linux-x86_64, r-release-linux-x86_64