Last updated on 2022-05-15 01:52:15 CEST.
Flavor | Version | Tinstall | Tcheck | Ttotal | Status | Flags |
---|---|---|---|---|---|---|
r-devel-linux-x86_64-debian-clang | 0.99.4 | 0.42 | 11.14 | 11.56 | ERROR | |
r-devel-linux-x86_64-debian-gcc | 0.99.4 | 0.34 | 8.96 | 9.30 | ERROR | |
r-devel-linux-x86_64-fedora-clang | 0.99.4 | 13.36 | ERROR | |||
r-devel-linux-x86_64-fedora-gcc | 0.99.4 | 12.91 | ERROR | |||
r-devel-windows-x86_64 | 0.99.4 | 48.00 | 389.00 | 437.00 | OK | |
r-patched-linux-x86_64 | 0.99.4 | 43.04 | 391.20 | 434.24 | OK | |
r-release-linux-x86_64 | 0.99.4 | 38.29 | 388.06 | 426.35 | OK | |
r-release-macos-arm64 | 0.99.4 | 120.00 | OK | |||
r-release-macos-x86_64 | 0.99.4 | 209.00 | OK | |||
r-release-windows-x86_64 | 0.99.4 | 49.00 | 360.00 | 409.00 | OK | |
r-oldrel-macos-arm64 | 0.99.4 | 128.00 | OK | |||
r-oldrel-macos-x86_64 | 0.99.4 | 154.00 | OK | |||
r-oldrel-windows-ix86+x86_64 | 0.99.4 | 118.00 | 383.00 | 501.00 | OK |
Version: 0.99.4
Check: package dependencies
Result: ERROR
Package required but not available: 'hypervolume'
See section 'The DESCRIPTION file' in the 'Writing R Extensions'
manual.
Flavors: r-devel-linux-x86_64-debian-clang, r-devel-linux-x86_64-debian-gcc, r-devel-linux-x86_64-fedora-clang, r-devel-linux-x86_64-fedora-gcc