Last updated on 2022-05-15 01:52:15 CEST.
Flavor | Version | Tinstall | Tcheck | Ttotal | Status | Flags |
---|---|---|---|---|---|---|
r-devel-linux-x86_64-debian-clang | 1.18.2 | 7.33 | 46.68 | 54.01 | OK | |
r-devel-linux-x86_64-debian-gcc | 1.18.2 | 5.44 | 35.56 | 41.00 | OK | |
r-devel-linux-x86_64-fedora-clang | 1.18.2 | 65.00 | NOTE | |||
r-devel-linux-x86_64-fedora-gcc | 1.18.2 | 62.20 | OK | |||
r-devel-windows-x86_64 | 1.18.2 | 34.00 | 66.00 | 100.00 | OK | |
r-patched-linux-x86_64 | 1.18.2 | 7.04 | 44.12 | 51.16 | OK | |
r-release-linux-x86_64 | 1.18.2 | 5.77 | 43.74 | 49.51 | OK | |
r-release-macos-arm64 | 1.18.2 | 25.00 | OK | |||
r-release-macos-x86_64 | 1.18.2 | 32.00 | OK | |||
r-release-windows-x86_64 | 1.18.2 | 30.00 | 65.00 | 95.00 | OK | |
r-oldrel-macos-arm64 | 1.18.2 | 34.00 | OK | |||
r-oldrel-macos-x86_64 | 1.18.2 | 48.00 | OK | |||
r-oldrel-windows-ix86+x86_64 | 1.18.2 | 17.00 | 77.00 | 94.00 | OK |
Version: 1.18.2
Check: Rd cross-references
Result: NOTE
Undeclared packages ‘pixmap’, ‘XML’, ‘exactRankTests’, ‘coin’, ‘ROCR’, ‘Epi’, ‘verification’, ‘Hmisc’, ‘gtools’, ‘magic’, ‘zoo’ in Rd xrefs
Flavor: r-devel-linux-x86_64-fedora-clang