Last updated on 2022-05-15 01:52:15 CEST.
Flavor | Version | Tinstall | Tcheck | Ttotal | Status | Flags |
---|---|---|---|---|---|---|
r-devel-linux-x86_64-debian-clang | 1.3 | 3.28 | 167.86 | 171.14 | OK | |
r-devel-linux-x86_64-debian-gcc | 1.3 | 3.92 | 116.92 | 120.84 | OK | |
r-devel-linux-x86_64-fedora-clang | 1.3 | 199.26 | NOTE | |||
r-devel-linux-x86_64-fedora-gcc | 1.3 | 195.40 | OK | |||
r-devel-windows-x86_64 | 1.3 | 26.00 | 187.00 | 213.00 | NOTE | |
r-patched-linux-x86_64 | 1.3 | 5.19 | 155.65 | 160.84 | OK | |
r-release-linux-x86_64 | 1.3 | 5.02 | 154.43 | 159.45 | OK | |
r-release-macos-arm64 | 1.3 | 61.00 | NOTE | |||
r-release-macos-x86_64 | 1.3 | 83.00 | NOTE | |||
r-release-windows-x86_64 | 1.3 | 34.00 | 173.00 | 207.00 | NOTE | |
r-oldrel-macos-arm64 | 1.3 | 62.00 | NOTE | |||
r-oldrel-macos-x86_64 | 1.3 | 82.00 | NOTE | |||
r-oldrel-windows-ix86+x86_64 | 1.3 | 12.00 | 180.00 | 192.00 | NOTE |
Version: 1.3
Check: installed package size
Result: NOTE
installed size is 5.9Mb
sub-directories of 1Mb or more:
doc 5.7Mb
Flavors: r-devel-linux-x86_64-fedora-clang, r-devel-windows-x86_64, r-release-macos-arm64, r-release-macos-x86_64, r-release-windows-x86_64, r-oldrel-macos-arm64, r-oldrel-macos-x86_64, r-oldrel-windows-ix86+x86_64