Last updated on 2022-05-15 01:52:16 CEST.
Flavor | Version | Tinstall | Tcheck | Ttotal | Status | Flags |
---|---|---|---|---|---|---|
r-devel-linux-x86_64-debian-clang | 0.4.0 | 20.19 | 175.01 | 195.20 | OK | |
r-devel-linux-x86_64-debian-gcc | 0.4.0 | 15.01 | 128.41 | 143.42 | OK | |
r-devel-linux-x86_64-fedora-clang | 0.4.0 | 243.66 | NOTE | |||
r-devel-linux-x86_64-fedora-gcc | 0.4.0 | 235.76 | NOTE | |||
r-devel-windows-x86_64 | 0.4.0 | 81.00 | 207.00 | 288.00 | OK | |
r-patched-linux-x86_64 | 0.4.0 | 22.33 | 163.52 | 185.85 | OK | |
r-release-linux-x86_64 | 0.4.0 | 16.81 | 168.10 | 184.91 | OK | |
r-release-macos-arm64 | 0.4.0 | 60.00 | NOTE | |||
r-release-macos-x86_64 | 0.4.0 | 82.00 | NOTE | |||
r-release-windows-x86_64 | 0.4.0 | 91.00 | 199.00 | 290.00 | OK | |
r-oldrel-macos-arm64 | 0.4.0 | 71.00 | NOTE | |||
r-oldrel-macos-x86_64 | 0.4.0 | 114.00 | NOTE | |||
r-oldrel-windows-ix86+x86_64 | 0.4.0 | 31.00 | 193.00 | 224.00 | OK |
Version: 0.4.0
Check: package dependencies
Result: NOTE
Imports includes 21 non-default packages.
Importing from so many packages makes the package vulnerable to any of
them becoming unavailable. Move as many as possible to Suggests and
use conditionally.
Flavor: r-devel-linux-x86_64-fedora-clang
Version: 0.4.0
Check: dependencies in R code
Result: NOTE
Namespace in Imports field not imported from: ‘Rdpack’
All declared Imports should be used.
Flavors: r-devel-linux-x86_64-fedora-clang, r-devel-linux-x86_64-fedora-gcc, r-release-macos-arm64, r-release-macos-x86_64, r-oldrel-macos-arm64, r-oldrel-macos-x86_64