Last updated on 2022-05-15 01:52:15 CEST.
Flavor | Version | Tinstall | Tcheck | Ttotal | Status | Flags |
---|---|---|---|---|---|---|
r-devel-linux-x86_64-debian-clang | 1.0.4 | 90.98 | 369.03 | 460.01 | OK | |
r-devel-linux-x86_64-debian-gcc | 1.0.4 | 77.41 | 271.33 | 348.74 | OK | |
r-devel-linux-x86_64-fedora-clang | 1.0.4 | 551.20 | NOTE | |||
r-devel-linux-x86_64-fedora-gcc | 1.0.4 | 536.54 | OK | |||
r-devel-windows-x86_64 | 1.0.4 | 102.00 | 393.00 | 495.00 | OK | |
r-patched-linux-x86_64 | 1.0.4 | 56.03 | 357.72 | 413.75 | OK | |
r-release-linux-x86_64 | 1.0.4 | 56.65 | 352.88 | 409.53 | OK | |
r-release-macos-arm64 | 1.0.4 | 130.00 | NOTE | |||
r-release-macos-x86_64 | 1.0.4 | 309.00 | NOTE | |||
r-release-windows-x86_64 | 1.0.4 | 97.00 | 365.00 | 462.00 | OK | |
r-oldrel-macos-arm64 | 1.0.4 | 114.00 | NOTE | |||
r-oldrel-macos-x86_64 | 1.0.4 | 171.00 | NOTE | |||
r-oldrel-windows-ix86+x86_64 | 1.0.4 | 205.00 | 501.00 | 706.00 | OK |
Version: 1.0.4
Check: installed package size
Result: NOTE
installed size is 5.7Mb
sub-directories of 1Mb or more:
doc 1.1Mb
libs 4.1Mb
Flavors: r-devel-linux-x86_64-fedora-clang, r-release-macos-arm64, r-release-macos-x86_64, r-oldrel-macos-arm64, r-oldrel-macos-x86_64