Last updated on 2022-05-15 01:52:15 CEST.
Flavor | Version | Tinstall | Tcheck | Ttotal | Status | Flags |
---|---|---|---|---|---|---|
r-devel-linux-x86_64-debian-clang | 1.1-2 | 13.15 | 252.33 | 265.48 | OK | |
r-devel-linux-x86_64-debian-gcc | 1.1-2 | 9.60 | 192.62 | 202.22 | OK | |
r-devel-linux-x86_64-fedora-clang | 1.1-2 | 310.39 | OK | |||
r-devel-linux-x86_64-fedora-gcc | 1.1-2 | 309.79 | OK | |||
r-devel-windows-x86_64 | 1.1-2 | 84.00 | 217.00 | 301.00 | OK | |
r-patched-linux-x86_64 | 1.1-2 | 12.45 | 251.62 | 264.07 | OK | |
r-release-linux-x86_64 | 1.1-2 | 11.91 | 241.98 | 253.89 | OK | |
r-release-macos-arm64 | 1.1-2 | 77.00 | OK | |||
r-release-macos-x86_64 | 1.1-2 | 111.00 | NOTE | |||
r-release-windows-x86_64 | 1.1-2 | 103.00 | 199.00 | 302.00 | OK | |
r-oldrel-macos-arm64 | 1.1-2 | 81.00 | OK | |||
r-oldrel-macos-x86_64 | 1.1-2 | 167.00 | OK | |||
r-oldrel-windows-ix86+x86_64 | 1.1-2 | 22.00 | 220.00 | 242.00 | OK |
Version: 1.1-2
Check: package dependencies
Result: NOTE
Packages suggested but not available for checking:
'R2jags', 'rjags', 'runjags'
Flavor: r-release-macos-x86_64